 + 3)
-2
Evaluate (1 - 1) + 1 + -3.
-2
What is the value of 11 + -3 + 1 + -6 + 1?
4
Evaluate -9 - (-1 + -10 + 35 + -32).
-1
Calculate -2 + (3 - 4) - 2.
-5
What is the value of 2 - (0 + 0 + -2)?
4
What is the value of (52 - 44) + (-8 - 1)?
-1
Calculate (-9 + 2 - 0) + 4.
-3
Calculate -12 + 3 - (-15 + 8).
-2
(8 - (9 + -1 - 7)) + -15
-8
What is the value of 2 - (-1 + -2 - -8) - -7?
4
Evaluate 6 - ((-3 - -12) + 2).
-5
What is -1 - ((-31 - -33) + (-1 - 6))?
4
What is 2 - (-1 + -1 + 1 - -5)?
-2
What is 0 + (-6 - -14) - 9?
-1
Evaluate (12 + 5 - 0) + -10.
7
Evaluate -11 - ((14 - 24) + (-1 - -7)).
-7
What is the value of 7 - (4 + (0 - 1))?
4
What is -1 + 0 + -3 + 1 + 1?
-2
What is 1 + 0 + 4 + -13 + 2?
-6
Calculate (-2 - 2) + 4 + 7 + -2.
5
Evaluate 0 + -1 - (14 + -19).
4
What is (-7 + 6 - -5) + -4?
0
Calculate 1 + (-3 + 17 + -5 - 3).
7
What is the value of (35 - 39) + (-3 - -1 - 0)?
-6
-5 - ((-1 - -3) + -6)
-1
Evaluate -4 - (-1 + -1 - 6) - 6.
-2
What is 6 - 5 - 2 - (1 - 3)?
1
Evaluate -3 + -1 - (2 - 9).
3
1 + (-7 - -6 - -3)
3
What is the value of (-4 - -6 - -6) + -7?
1
-4 + 6 + -2 - (1 + 1)
-2
What is the value of 0 + -1 + -1 + 7 + -3?
2
What is 48 - 32 - (7 + 1)?
8
Calculate -11 + 7 + -1 + 9.
4
-1 + (-1 - (-6 - -4) - -4)
4
What is the value of (93 - 84) + -1 + 1 + -4?
5
What is -4 - 1 - (-1 + -5 + 6)?
-5
What is 3 + -1 + 8 + -5?
5
Evaluate 60 - 67 - (0 + -1).
-6
Evaluate -3 + -6 + 12 - (-1 + 0).
4
What is 28 + (-13 - 0) + (-6 - 1)?
8
Evaluate -11 + 12 + (-1 - -2).
2
What is the value of 8 + 3 + 2 + (1 - 10)?
4
Evaluate -7 - (1 + -1 + -6).
-1
Calculate 0 + 1 + -1 - (-187 + 183).
4
-10 + 11 - (-2 - -3 - 7)
7
Evaluate 0 + 0 + (2 - 0).
2
What is (5 - 4) + 3 - 7?
-3
What is -2 + -2 - (-17 - -14)?
-1
What is 0 + 0 + (3 - -1 - 7)?
-3
Calculate (5 - 5) + 1 - 5.
-4
What is -25 - -20 - (-2 - 2 - 0)?
-1
0 + 0 + -5 + 2 - -2
-1
Evaluate 2 + 7 + (0 - 2 - 1).
6
What is the value of (1 - -1 - (-9 - -2)) + -4?
5
What is -1 + 3 + (-1 + -10 - -11)?
2
What is -6 + (1 - 0) + (-2 - -4)?
-3
(2 - (-1 + -1)) + 4 + -4
4
What is the value of 0 - 0 - (-22 - -11 - -12)?
-1
Evaluate (4 - 7) + -1 + 3.
-1
Evaluate 6 + -2 + -4 - -3.
3
8 + -10 + 8 + -1
5
Calculate (6 - (1 + 10)) + 6.
1
Calculate 7 - (4 + -7) - 4.
6
-2 + (5 - (2 + -1 + -1))
3
What is (107 - 108) + (2 - 2) + -1?
-2
Calculate 5 - 8 - (2 - 4).
-1
3 + 1 + -1 + -2
1
Calculate -1 - (6 + -5) - (-2 - 0).
0
Evaluate 6 + (21 + -10 - 22).
-5
(5 - (4 + -6)) + (0 - 5)
2
What is the value of -36 + 19 + 13 - (-5 - 0)?
1
Calculate (-2 - (0 - (8 + -4))) + 3.
5
-2 + 1 - (6 + -2 + -3)
-2
What is the value of -5 - (2 - (4 - 2 - -2))?
-3
Evaluate -12 - -14 - (3 + 3).
-4
Evaluate -6 - (5 + (11 - 12)).
-10
Evaluate 100 - 90 - (8 - -1).
1
What is 8 + -3 - 8 - -9 - 13?
-7
Evaluate 5 - (1 + (1 + 2 - -7)).
-6
Calculate 4 + -18 + 8 - -8.
2
Evaluate 3 + 0 + -4 + -1.
-2
(1 - (-5 - -3)) + 0
3
What is 5 - (-2 - -8) - -3?
2
Evaluate (4 - -5) + -9 - 0.
0
What is the value of 1 + (1 - -2) + (6 - 6)?
4
12 - 10 - 1 - 9
-8
What is the value of -4 - (-14 + 11 - (1 + 1))?
1
What is 1 - (4 + 2) - -8?
3
Evaluate -2 - (-3 - (0 - 2)).
-1
-141 + 137 + 1 + -1
-4
-104 + 91 - (-6 + 1 + 0)
-8
What is -1 + 5 - 3 - (4 + 2)?
-5
-1 + 4 + -2 - -3 - 0
4
What is 0 + 1 + -1 - 4?
-4
What is the value of 0 - -1 - (-1 + (-2 - -5))?
-1
What is the value of -3 + (3 - 6) + 11 + 0?
5
What is the value of 6 - -2 - (-33 + 42)?
-1
19 + -12 + (3 - 13)
-3
What is 2 - 2 - (-7 + 0 - -3)?
4
What is the value of 2 - (-1 - (-1 + -4))?
-2
(4 - (4 + 0)) + -1 + 4
3
Calculate (0 - (4 + -3)) + -3 + 3.
-1
Evaluate -9 - ((0 - 0) + -5).
-4
What is -3 - -7 - (-3 + 3)?
4
What is the value of -14 - -9 - (-6 + -2)?
3
Evaluate 3 + 9 + -17 + 4.
-1
What is (1 + -2 - -13) + (-5 - -1)?
8
What is the value of -2 + (-3 - (0 + 0))?
-5
(0 - 0) + -4 + -5 + 5
-4
Evaluate -32 - -26 - (-10 - (2 + 0)).
6
What is 0 + 1 - -1 - (-7 - -6)?
3
-4 - ((-1 - 5) + (20 - 18))
0
-3 - (2 + -5 + -6)
6
What is (9 - (7 + -4)) + -1?
5
What is the value of -17 + 19 + (-5 - (0 + 0))?
-3
Calculate 3 + (1 - (14 + -4)).
-6
Evaluate 3 - (-5 + 5) - 4.
-1
What is 1 + -1 + -2 + (4 - 3)?
-1
(0 - -3) + -2 + 3 + -3
1
Evaluate (13 - 21) + 4 + 3.
-1
Evaluate (5 - (-10 + 19)) + 9.
5
What is 9 + 6 + -8 + -4?
3
-11 - (-14 + 9 + -5)
-1
What is 8 - ((-5 + 4 - -4) + 1)?
4
What is -56 + 60 + 0 + -1?
3
What is 15 + (12 - 18) + -12?
-3
11 + (5 + -8 - 1 - 2)
5
Calculate -1 + 2 - (14 + -14).
1
Evaluate -12 - (8 + (13 - 24)).
-9
Calculate (3 - (-8 + (-2 - -8))) + -11.
-6
1 - (-3 + -1 + 5)
0
Evaluate 2 + (7 - 13) - (1 + -7).
2
What is -3 + 1 + (-11 - (-27 - -14))?
0
Calculate 26 + -26 + (2 - 1).
1
What is the value of (-5 - (-14 - -4 - -3)) + 1?
3
3 + -4 + (1 - -4)
4
-3 - -9 - (-1 - -3) - 2
2
(-6 - -7 - (1 + 0)) + 3
3
Calculate -17 - (-2 - 22) - (-1 + 1).
7
What is the value of (9 - (9 + -3)) + (1 - 7)?
-3
What is -3 + 1 + -1 + -2?
-5
Calculate -5 + -1 + 1 - (332 + -334).
-3
Evaluate 12 - (6 + -7) - 7.
6
Evaluate -6 - (0 + -2 + (0 - 0)).
-4
Evaluate 2 + 0 + (8 - 10) + -3.
-3
Evaluate (5 - 4 - -2) + 1.
4
What is the value of -9 + 2 - (6 - 6)?
-7
9 - (4 - 7) - (22 - 18)
8
Calculate -3 + -4 + 8 + (2 - 1).
2
What is the value of 10 - (7 - (-22 + 11))?
-8
2 + 3 - (5 + -3)
3
-3 + 10 + -2 - 1
4
What is (-1 - -5 - (-13 + 18)) + 6?
5
3 - (10 + -7) - 8
-8
Calculate 5 + (-2 - (-5 + (-1 - -5))).
4
Calculate 1 + -5 - (-7 - (5 + -13)).
-5
2 + (-2 - -2) - (-4 + 1)
5
Calculate -5 + (1 - 2) - (-10 + -3).
7
Calculate -5 - (-4 + 8 + -2 - 1).
-6
Calculate -10 - (2 - (9 - 2)).
-5
What is the value of 3 + -2 + 1 + -1?
1
What is 3 - 4 - -7 - (-1 + 0)?
7
What is -12 - (-10 - -1) - 0?
-3
Calculate (-8 - -6) + -2 + 0.
-4
Calculate -8 + 2 + 7 + (0 - -1).
2
Calculate -1 - -5 - ((9 - -5) + -6).
-4
What is the value of (-42 - -45) + -1 + -2?
0
Calculate -81 - -77 - (1 + -4).
-1
What is -3 - 0 - (-8 - (1 - 1))?
5
Evaluate 19 + -18 + (-5 - 0).
-4
What is the value of (2 - 5) + (3 + -3 - -2)?
-1
-3 + (-3 + -5 + 6 - 1)
-6
-2 - 0 - (-2 + 6 + -4)
-2
Calculate (-4 - 0) + 10 - 0.
6
Evaluate -1 - (1 - 2 - -3).
-3
Evaluate -8 + (4 + 5 - 3 - 0).
-2
What is -4 + 6 - (2 - (8 + -2))?
6
Evaluate 1 + 1 + -1 + -5 - -8.
4
Evaluate (11 - 9) + (2 + -6 - -1).
-1
Evaluate 8 + -2 + 0 + -3.
3
What is (4 - 3) + (3 - -1)?
5
Evaluate 3 - (-1 - (11 + -6)).
9
What is 3 + (-4 - 11) + 4?
-8
What is -1 + 5 - (-8 + 11)?
1
What is 2 + ((0 - -6) + -2 - 1)?
5
1 - 2 - -4 - (7 - 3)
-1
5 - (17 + -3 + -3)
-6
Calculate 0 - -3 - (2 + (-8 - -6)).
3
(1 + -1 + 3 - 6) + 0
-3
What is (-3 - (4 - 11) - 6) + 2?
0
What is the value of 1 + (-6 - (-2 - 2))?
-1
What is the value of -2 - (0 - (3 + 3)) - 1?
3
What is the value of -5 + 0 + (-5 - (-5 + -3))?
-2
Evaluate 11 + 13 + -24 + 2.
2
-7 + (-3 - -4) + 4
-2
-5 + 15 - (2 - -13)
-5
7 + (4 - 3) - (8 + -4)
4
What is the value of 16 - (-3 - -7) - 9?
3
What is the value of (1 - (-1 + 11)) + 4?
-5
0 + 1 + 6 + -2
5
What is 0 - (0 + -7 - -1 - -9)?
-3
What is 2 + 2 + 0 + 5 + -6?
3
Calculate 0 + 5 - (5 + -2) - -2.
4
What is the value of (-22 - -27) + (2 - 3 - -1)?
5
Evaluate 2 + 4 + -4 + 0.
2
What is 0 + (-1 - -7 - (3 - 0))?
3
What is 5 - (1 + (8 - (10 - 8)))?
-2
-12 + 4 + 10 - -3
5
Evaluate 5 + (-7 - -10) - 16.
-8
What is (-8 + 24 - 6) + -9?
1
What is 6 - (-3 + -5 + 18)?
-4
3 + -2 + -2 + -10 + 16
5
Evaluate (6 - 17) + 8 + 11.
8
What is the value of 5 - ((3 - (0 + -7)) + -3)?
-2
-4 + -1 + (-35 - -37) + 0
-3
What is the value of -22 + 29 - (9 + -2)?
0
What is 5 + -10 + 6 + -1?
0
(-4 - -3) + (-3 - -1)
-3
What is the value of -3 + 11 + -11 + 5?
2
Evaluate -6 + 7 + 6 + -7.
0
Calculate 3 + (0 - (1 - -2)).
0
What is (-2 + 2 - -3) + (166 - 169)?
0
-6 + -1 - -10 - -3
6
Evaluate 9 + 2 - -2 - 6.
7
(1 + 0 - -5) + (-29 - -29)
6
7 + -3 + 1 + -7
-2
What is the value of (16 - (10 - 5)) + -18?
-7
What is -2 + -1 + 1 + -4?
-6
Calculate 3 - (0 + 6 + -19 + 9).
7
Evaluate 5 + 4 - 8 - -1.
2
What is the value of -5 + 2 + 1 - -5?
3
Evaluate -3 + -1 - (2 - (4 + 3)).
1
Calculate -1 + -1 + (-23 - -17 - -14).
6
What is -1 + 0 + 1 + 10 + -12?
-2
What is (-3 - -1) + (99 - 95)?
2
What is (-1 + -3 - (2 + -1)) + 5?
0
What is (7 - 4 - 4) + -3?
-4
What is the value of (14 - (14 - 10)) + -4?
6
What is 5 + (-7 - 2) - (5 + -1)?
-8
-8 - (-4 + -1) - 1
-4
(-5 - -1) + (42 - 42)
-4
What is the value of -8 + 9 + -1 + -1?
-1
Evaluate (-3 - -8